{"id":43,"date":"2017-01-12T11:50:06","date_gmt":"2017-01-12T10:50:06","guid":{"rendered":"https:\/\/mecatinformaticait.wordpress.com\/servizi\/"},"modified":"2021-04-14T09:03:05","modified_gmt":"2021-04-14T08:03:05","slug":"servizi","status":"publish","type":"page","link":"http:\/\/www.mecatinformatica.it\/index.php\/servizi\/","title":{"rendered":"Servizi"},"content":{"rendered":"\n<h3><strong>TELEFONIA INTERNET PRIVATI ED AZIENDALI<\/strong><\/h3>\n\n\n\n<p>La ns Mission e\u2019 mettere i clienti al centro del mondo.<br>Da oltre 20 anni siamo nel settore della telefonia.<br>Centro autorizzato TIM, TIM BUSINESS, VODAFONE, KENA, FASTWEB PLANETEL.<br>Da noi potrai sottoscrivere contratti mobili e fissi privati e BUSINESS, sim ricaricabili, rateizzazioni smartphone.<br>Siamo anche centro assistenza per la sostituzione di smartphone TIM aziendali, sostituzioni modem ed altri apparati TIM.<\/p>\n\n\n\n<h3>SVILUPPO SOFTWARE<\/h3>\n\n\n\n<p><span id=\"MainContent_AziendaListView_TestoLabel_0\"><strong>PROGETTAZIONE E REALIZZAZIONE APPLICAZIONI <\/strong><br>Ingegneria del software, approccio AGILE, controllo di revisione, use case, test use, ( e tante altre parole e concetti che al cliente dicono poco o niente ma sono condizione imprescindibile per ottenere software utile che funziona)<br><strong> Mecat informatica srl <\/strong> ha un reparto di sviluppo software che realizza applicazioni. Lo facciamo per noi (per il nostro business, perch\u00e9 un buon software aiuta a lavorare meglio) e per i clienti. <\/span><\/p>\n\n\n\n<h3>SVILUPPO SU LINUX ed altro ancora..<\/h3>\n\n\n\n<ul><li style=\"text-align: justify;\"><strong>Sviluppo Windows<\/strong> \u2013 Gestionali basati su database ACCESS, SQL SERVER o altro RDBMS sviluppati in Visual Basic.<\/li><li style=\"text-align: justify;\"><strong>Lotus Domino<\/strong> \u2013 Sviluppo di applicazioni di posta elettronica e di work-flow aziendale (gestione risorse umane, Gestione qualit\u00e0, Gestione posta centralizzata , integrazione con DB Relazionali).<\/li><li><strong> Linux services <\/strong><br>Server di posta elettronica con filtraggio spam, virus e webmail integrato.<br>Server fax con la ricezione e l\u2019invio centralizzato in rete.<br>Server web per la pubblicazione sul web della propria azienda.<br>Condivisione in rete di documenti, backup dati. Condivisione di stampanti in rete.<br>Realizzazione di siti internet statici, dinamici e E-Commerce con registrazione e mantenimento del Dominio<\/li><li><strong>VMware<\/strong> \u2013 Virtualizzazione di server fisici in unico server per tutte le applicazioni aziendali.<\/li><\/ul>\n\n\n\n<h3>RETI E SICUREZZA<\/h3>\n\n\n\n<ul><li><strong>Reti Lan<\/strong> \u2013 studio e realizzazione della parte passiva (in collaborazione con societ\u00e0 specializzate nel cablaggio e \u2018certificate system integrator PANDUIT\u2019 in possesso dell\u2019autorizzazione ministeriale di 2\u00b0 grado per impianti telefonici ) e attiva : Hub, Switch, Router, ecc..<\/li><li style=\"text-align: justify;\"><strong>Network Solution<\/strong><br>Soluzioni \u201cchiavi in mano\u201d per la connettivit\u00e0 e per la sicurezza aziendale: reti, routing, VPN, DMZ, progettazione di reti logiche e fisiche.<br>Firewall per la protezione di reti aziendali e private.<br>Tunnel vpn tra due o pi\u00f9 sedi aziendali.<br>Voice Over Ip \u2013 Soluzioni per il collegamento telefonico tramite IP. Vendita \u2013 hardware e software di qualsiasi marca.<\/li><\/ul>\n\n\n\n<h3>SCEGLI IL TUO HARDWARE<\/h3>\n\n\n\n<p>Personal computer &amp; Workstation<br>Server e storage<br>Monitor<br>Ultrabook e Tablet<br>Periferiche per computer<\/p>\n\n\n\n<h3>AUTOMAZIONE<\/h3>\n\n\n\n<p><strong><span id=\"MainContent_AziendaListView_TestoLabel_4\">CONSULENZA<\/span><span id=\"MainContent_AziendaListView_TestoLabel_4\"> PER AUTOMAZIONE INDUSTRIALE E TELECONTROLLO<\/span><\/strong><span id=\"MainContent_AziendaListView_TestoLabel_4\"><br>Obbiettivo: Controllare la produzione in tempo reale.<br>Verificare in ogni istante lo stato delle macchine.<br>Consultazione dei dati di produzione direttamente dal gestionale. <\/span><\/p>\n","protected":false},"excerpt":{"rendered":"<p>TELEFONIA INTERNET PRIVATI ED AZIENDALI La ns Mission e\u2019 mettere i clienti al centro del mondo.Da oltre 20 anni siamo nel settore della telefonia.Centro autorizzato TIM, TIM BUSINESS, VODAFONE, KENA, FASTWEB PLANETEL.Da noi potrai sottoscrivere contratti mobili e fissi privati e BUSINESS, sim ricaricabili, rateizzazioni smartphone.Siamo anche centro assistenza per la sostituzione di smartphone TIM &hellip; <a href=\"http:\/\/www.mecatinformatica.it\/index.php\/servizi\/\" class=\"more-link\">Continue reading <span class=\"screen-reader-text\">Servizi<\/span><\/a><\/p>\n","protected":false},"author":1,"featured_media":98,"parent":0,"menu_order":0,"comment_status":"closed","ping_status":"closed","template":"","meta":{"advanced_seo_description":"","spay_email":""},"tags":[],"jetpack_sharing_enabled":false,"jetpack_shortlink":"https:\/\/wp.me\/P8yKNB-H","jetpack-related-posts":[{"id":7,"url":"http:\/\/www.mecatinformatica.it\/index.php\/contatti\/","url_meta":{"origin":43,"position":0},"title":"Contatti","date":"23\/11\/2016","format":false,"excerpt":"Questo \u00e8 solo un piccolo estratto per la pagina dei\u00a0contatti.","rel":"","context":"Similar post","img":{"alt_text":"","src":"https:\/\/i1.wp.com\/www.mecatinformatica.it\/wp-content\/uploads\/2017\/01\/finsi_contatti.jpg?fit=910%2C300&resize=350%2C200","width":350,"height":200},"classes":[]},{"id":9,"url":"http:\/\/www.mecatinformatica.it\/","url_meta":{"origin":43,"position":1},"title":"Home","date":"23\/11\/2016","format":false,"excerpt":"Questo \u00e8 l'estratto della home page","rel":"","context":"Similar post","img":{"alt_text":"","src":"https:\/\/i0.wp.com\/www.mecatinformatica.it\/wp-content\/uploads\/2017\/01\/informatica.jpg?fit=1200%2C675&resize=350%2C200","width":350,"height":200},"classes":[]},{"id":42,"url":"http:\/\/www.mecatinformatica.it\/index.php\/gestionali\/","url_meta":{"origin":43,"position":2},"title":"Gestionali","date":"12\/01\/2017","format":false,"excerpt":"GENESIS Il software gestionale su piattaforma windows per la piccola e media impresa.Genesis \u00e8 un gestionale multi aziendale e multi esercizio. Con Genesis si riesce ad operare in tempo reale con pi\u00f9 aziende su pi\u00f9 esercizi contemporaneamente. Sono disponibili i moduli Contabilit\u00e0, Documenti e Magazzino, acquistabili in pacchetti o separatamente.Genesis\u2026","rel":"","context":"Similar post","img":{"alt_text":"","src":"https:\/\/i2.wp.com\/www.mecatinformatica.it\/wp-content\/uploads\/2017\/01\/software-solutions20image.png?fit=1200%2C638&resize=350%2C200","width":350,"height":200},"classes":[]},{"id":6,"url":"http:\/\/www.mecatinformatica.it\/index.php\/informazioni\/","url_meta":{"origin":43,"position":3},"title":"Informazioni","date":"23\/11\/2016","format":false,"excerpt":"Questo \u00e8 solo un piccolo estratto per la pagina di\u00a0informazioni.","rel":"","context":"Similar post","img":{"alt_text":"","src":"https:\/\/i2.wp.com\/www.mecatinformatica.it\/wp-content\/uploads\/2017\/01\/info-point1.png?fit=1200%2C675&resize=350%2C200","width":350,"height":200},"classes":[]}],"_links":{"self":[{"href":"http:\/\/www.mecatinformatica.it\/index.php\/wp-json\/wp\/v2\/pages\/43"}],"collection":[{"href":"http:\/\/www.mecatinformatica.it\/index.php\/wp-json\/wp\/v2\/pages"}],"about":[{"href":"http:\/\/www.mecatinformatica.it\/index.php\/wp-json\/wp\/v2\/types\/page"}],"author":[{"embeddable":true,"href":"http:\/\/www.mecatinformatica.it\/index.php\/wp-json\/wp\/v2\/users\/1"}],"replies":[{"embeddable":true,"href":"http:\/\/www.mecatinformatica.it\/index.php\/wp-json\/wp\/v2\/comments?post=43"}],"version-history":[{"count":9,"href":"http:\/\/www.mecatinformatica.it\/index.php\/wp-json\/wp\/v2\/pages\/43\/revisions"}],"predecessor-version":[{"id":2989,"href":"http:\/\/www.mecatinformatica.it\/index.php\/wp-json\/wp\/v2\/pages\/43\/revisions\/2989"}],"wp:featuredmedia":[{"embeddable":true,"href":"http:\/\/www.mecatinformatica.it\/index.php\/wp-json\/wp\/v2\/media\/98"}],"wp:attachment":[{"href":"http:\/\/www.mecatinformatica.it\/index.php\/wp-json\/wp\/v2\/media?parent=43"}],"wp:term":[{"taxonomy":"post_tag","embeddable":true,"href":"http:\/\/www.mecatinformatica.it\/index.php\/wp-json\/wp\/v2\/tags?post=43"}],"curies":[{"name":"wp","href":"https:\/\/api.w.org\/{rel}","templated":true}]}}